first derivative of -2*t**3/3 - 8*t**2 - 2*t - 609. What is g(-8)?
-2
Suppose 0 = 4*b - 16, -8*o + 10*o + 8 = 5*b. Let p(q) = -q**3 + 7*q**2 - 9*q + 6. Give p(o).
-12
Let t(g) = 28*g - 25. Let w(l) = 48*l - 50. Let f(m) = 7*t(m) - 4*w(m). Calculate f(-7).
-3
Let s(i) = 8*i**2 - i + 49. Let c(g) = 3*g**2 - g + 17. Let n(x) = 11*c(x) - 4*s(x). Calculate n(8).
-1
Let b(t) = t**2 - 4*t + 1. Let x(j) = j**2 + j + 1. Let s(i) = b(i) - 2*x(i). Suppose 11*v - 10 = -65. Calculate s(v).
4
Suppose s = 87 - 13. Let a = s - 80. Let r(z) = z + 5. Determine r(a).
-1
Let q(g) = 6*g + 1. Suppose -12 = -2*d + 3*o + 16, -2*o = 3*d - 29. Let p = d - 12. Determine q(p).
-5
Suppose z = -z - 12. Let t(n) = 7*n**3 - 51*n**2 - 15*n + 28. Let m(a) = 2*a**3 - 16*a**2 - 5*a + 9. Let u(o) = 10*m(o) - 3*t(o). Calculate u(z).
0
Let b(y) = 3 + 12*y - 6*y - 3*y. Suppose 4*a = 2*n - 12, -4 = 3*n + n - a. Determine b(n).
-3
Let z(c) = 2*c - 5*c**2 + 6 + 2*c**2 + 3*c**2 + 57*c**3 - 56*c**3. What is z(0)?
6
Let q(t) = t**3 - 1. Let s(b) = 3*b**3 - 6*b**2 - 2*b - 9. Let y(m) = 4*q(m) - s(m). What is y(-6)?
-7
Let u(n) = -n**3 - 24*n**2 + 26*n + 20. Let p be u(-25). Let f(q) = q**3 + 3*q**2 + 4*q + 7. What is f(p)?
-63
Let l(s) = -6*s - 106. Let q be l(-18). Let o(i) = -i**3 + 2*i**2 - 2*i + 1. Let w(n) = 3*n**3 - 5*n**2 + 5*n - 2. Let b(c) = 7*o(c) + 2*w(c). Give b(q).
3
Let a(v) = -v**3 + 6*v**2 - 8*v + 7. Let x be 2 + (-9)/(36/(-56)). Let z(n) = -2*n**2 + 31*n + 21. Let s be z(x). Determine a(s).
-8
Let c(b) = b**2 - 8*b + 7. Suppose -15*k + 80 = -10. Calculate c(k).
-5
Let x(v) = v - 3. Let q = -519 - -525. Calculate x(q).
3
Let o(y) = y**3 - 7*y**2 + 8*y - 7. Let l be 3/(-2)*(240/9)/(-10). Suppose l*b - 36 = 4*s, -2*s + s = 3. Give o(b).
5
Let c = -3 - -2. Let a(x) be the second derivative of x**6/60 + 3*x**4/4 - x. Let q(b) be the third derivative of a(b). What is q(c)?
-12
Let y(x) = -2*x**3 - 4*x**2 - 11. Suppose 1 = 3*w + 10. Let f(a) = -a**2 - 24 - 23 - a**3 - a**2 + 41. Let n(s) = w*y(s) + 5*f(s). What is n(-3)?
-6
Let f be 3 - 280/16*(-6)/(-5). Let v be 31/(-8) + (f/(-16))/(-9). Let w(a) be the first derivative of -2*a**2 - 5*a + 1. What is w(v)?
11
Let l(b) = 2 + 2 + 9*b - 10*b. Determine l(4).
0
Suppose -7*u = -2*u - 20. Let g be -3 - (-3)/((-6)/(-28)). Let i(m) = -3*m - 16 + 2*m + 23 - g. What is i(u)?
-8
Let b(a) = 2*a + 4. Suppose -3*d + 0*d = -24. Suppose 5*c = d*c + 12. Calculate b(c).
-4
Let h(r) be the second derivative of r**3/6 + 8*r**2 + 3*r. Let u be h(-12). Let n(p) be the first derivative of -p**2/2 - 117. Calculate n(u).
-4
Let u(f) = -3*f - 32. Let j(v) = v**3 + 4*v**2 - 3*v - 6. Let r be j(-5). What is u(r)?
16
Let s be (0/(-1))/(2 + -3). Suppose -o = -s*o + 5, 4*w + 23 = o. Let v(d) = 2*d - 6. Determine v(w).
-20
Let v(y) be the first derivative of 0*y**2 - 5/3*y**3 + y - 1/4*y**4 + 35. Determine v(-5).
1
Let f(o) = -o**3 + 4*o**2 - 2*o - 3. Suppose 2*v - 6*v + 52 = 0. Let h = 16 - v. Give f(h).
0
Let u(n) = -44*n**2 + 41*n**2 + 29 + 2*n**2 - 28*n. Give u(-29).
0
Let r(n) = -n**2 - 8*n - 5. Let l be ((-5460)/462 - (-2)/(-11)) + 6. Calculate r(l).
7
Let v(d) = -10*d + 1. Let g be v(-1). Suppose -g*l + 5*l + 18 = 0. Let n(s) = s**3 - 3*s**2 + s + 4. Determine n(l).
7
Let f(m) = -m**2 + 10*m - 10. Let u be 1 + (-16)/(-4) - -5. What is f(u)?
-10
Let f(k) = 13*k**3 + 5*k**2 + 18*k - 13. Let j(q) = -37*q**3 - 16*q**2 - 53*q + 39. Let u(v) = -17*f(v) - 6*j(v). What is u(-9)?
41
Let b(j) = -j + 28. Let w be b(20). Let m(u) = -4*u - 3. Let x(i) = 3*i + 2. Let v(l) = w*x(l) + 5*m(l). What is v(-2)?
-7
Let p = 10 - 17. Let w(r) = -r**2 - 7*r + 4. Let z be w(p). Suppose -z*l = -8*l. Let y(j) = -j**2 - j + 10. What is y(l)?
10
Let k be 3 - 1 - 1 - 4. Let u(v) be the first derivative of -v**4/12 - v**3/2 + v - 1. Let o(d) be the first derivative of u(d). Determine o(k).
0
Suppose 20*f = -8 + 8. Let b(t) be the second derivative of -3*t + 0*t**4 + 1/20*t**5 + 1/2*t**2 + f - 1/6*t**3. Determine b(2).
7
Suppose 5*i + 25 = 5*u, 13*u - 10*u = 15. Let q(t) be the third derivative of 1/24*t**4 - 4/3*t**3 + 1/60*t**5 + 0 + i*t - 13*t**2. What is q(0)?
-8
Suppose 2*i + 4*t = 10, i = t + 4*t - 16. Let r(u) = -u + 5. Let m be r(-7). Let f be (-2)/4*m/i. Let x(j) = -j**2 + 7*j - 6. Calculate x(f).
0
Suppose -4*f - 51 = -23. Let z(o) be the second derivative of -o**5/20 - o**4/2 + o**3 - 5*o**2 + o. Determine z(f).
-3
Let s(v) = -v**2 - 1. Let w(d) = d**2 - 16*d + 7. Let f be w(16). Let j be (f/((-28)/8))/1 - -3. Calculate s(j).
-2
Let h be 2*(-1)/(-4)*4. Let f(l) = 4*l**3 + 7*l**3 - 2 - 8*l**3 - h*l**3 - 3*l. Give f(-3).
-20
Let o(l) = -l**3 + 7*l**2 - 6*l - 2. Let i(m) = m - 15. Let w be i(-18). Let u = 39 + w. Give o(u).
-2
Suppose 5*i = -2*u - u + 19, -3*i = u - 9. Let s(t) = t**3 - 7*t**2 + 7*t**2 + 0*t**u - 4. Let v(p) = -p**2 + 3*p. Let d be v(3). Calculate s(d).
-4
Let w(h) be the first derivative of h**2/2 + 5. Suppose 5 = 4*k - 2*s + 3, 11 = k + 3*s. Suppose 17 = j - 3*g, -k*g = 2*g + 16. Give w(j).
5
Let j(u) = -6*u - 7. Let b = 526 + -532. Calculate j(b).
29
Suppose -r - 4*g = -2, -5*g = -2*r - r + 6. Suppose -54 = 5*f - r*z - 13, 23 = -2*f + 3*z. Let k(a) = a**2 - 12 - 16 + 7*a + 26. Give k(f).
-2
Let n(u) be the second derivative of -u**3/6 + u**2/2 + 10*u - 9. Calculate n(-1).
2
Let x(p) = -4*p**2 - 18*p + 1. Let z(t) = -4*t + 1. Let b(u) = -x(u) + 5*z(u). Give b(2).
16
Let s(o) = 3*o - 70. Let i be 1358/56 - (-10)/(-8). Give s(i).
-1
Let u(t) = -t**2 - 3*t + 1. Let q be (-21)/(-6)*(-16)/(-14). Suppose -4*i - 2*v + 6 = 0, 2*i - 12 = -0*i - q*v. Let p = -3 + i. Calculate u(p).
1
Let w(d) be the second derivative of d**5/20 + 3*d**4/4 + d**3/2 - 9*d**2/2 + 862*d. Give w(-8).
31
Let a(b) = 4*b**3 + b**2 - b + 1. Let u be (1/(-3))/(5/930). Let z = u + 63. What is a(z)?
5
Let q(g) = -2*g**2 - 12*g - 10. Let t be q(-5). Let p(a) be the second derivative of -3*a - 1/12*a**4 + 0*a**3 + 4*a**2 + 0. What is p(t)?
8
Let v(o) = -2*o. Let u be v(6). Let h = u + 16. Let f(j) = -h*j**2 + 7*j - 6*j**2 + 3*j**2 - 6 + j**3. What is f(6)?
0
Let a = 3 + 0. Suppose 7 + 2 = -a*h. Let k(j) = 3*j - 2. What is k(h)?
-11
Let w be 13 - 20/(-4 - -9). Let a = 6 + -1. Let g(o) = -4 + w - 8 - o**2 - a*o. Determine g(-5).
-3
Let o(r) = r**3 + 5*r**2 - 2*r - 7. Let s be -13 - (-4 + 1) - (-10)/2. What is o(s)?
3
Let l(m) be the third derivative of m**6/120 + 7*m**5/60 + m**4/4 - m**3/2 - 3*m**2 + 70*m. Let x = 0 + -6. Determine l(x).
-3
Suppose 528 = -184*g + 96*g. Let h(f) = -f**2 - 3*f + 6. Give h(g).
-12
Suppose -3*b = -5 - 7. Suppose 3*s - 12 = 0, b*s - 1 - 15 = -2*q. Let o(h) = -1. Let a(x) = x + 3. Let d(l) = -a(l) + 2*o(l). What is d(q)?
-5
Let t(c) = 12*c + 21. Let h be t(-4). Let o = h - -23. Let u(a) = -a**3 - 5*a**2 - 6*a - 6. Calculate u(o).
2
Let a(f) = -8*f - 5. Let x(p) = 9*p + 4. Let k(w) = -7*a(w) - 6*x(w). Let m be k(-5). Let s(l) = 4*l**2 + l + 4*l**2 + 2*l**2 - 2*l. Determine s(m).
9
Let w(n) = -n - 3. Let h be w(-5). Let y(q) = 294*q**2 - 293*q**2 - 4*q - h*q + 4. What is y(6)?
4
Suppose g = -g. Suppose g*y - 4*y - 8 = 0. Let u(k) = -2 - 20*k + 44*k - 22*k + 2*k**2 + 1. Calculate u(y).
3
Let a = -44 - -45. Let k(o) = -2 + 11*o + 0 - a + 2. Give k(1).
10
Let k(h) = 3*h - 1 - 2*h - 4. Let a be -4 + (-1 + (-12)/(-2))/1. Suppose 0 = 4*d - 5*i, -5*d - a = -i - 22. Calculate k(d).
0
Let q be -24 - (2/(-2) - 3). Let i be (-5)/(-3) - q/(-30). Let d(t) = -6*t + i + 0*t + 2*t - 3. Calculate d(-2).
6
Let d(l) = -l**2 + 9*l - 9. Let a be (2 - (-15)/(-5))/(2/(-20)). Suppose 0*s + f - 16 = -3*s, -s + 2*f = -a. Determine d(s).
9
Let x(j) = 2*j**3 + 12*j**2 - 25*j + 1. Let b(w) = 12*w - 3*w**3 - 1 + 4*w - 3*w - 6*w**2 + 2*w**3. Let s(m) = -11*b(m) - 6*x(m). Calculate s(-7).
5
Let y be (2/6)/((-31)/(-279)). Let t(v) be the second derivative of -1/4*v**4 + 1/3*v**y - 1/20*v**5 - 5*v - 2*v**2 + 0. Give t(-4).
4
Let g(l) = 8*l**3 + 2 - 1 - 9*l**3 + 3*l. Let y(d) = 3*d**3 + 2*d**2 - 4*d - 6. Let r be y(-1). Determine g(r).
19
Let p(i) = -i**3 - 3*i**2 + 4*i + 5. Let v be 2*((-12)/(-4) - (-2)/(-4)). Suppose -30 = v*z + 5*n, -2*z - 3*z - 18 = -n. Calculate p(z).
5
Let i = -135 + 127. Let l(q) = q + 9. Calculate l(i).
1
Let q(i) = -i**2 - 7*i + 8. Suppose -4*x - 4*b = -16, -4*x + 5*b = -0*b - 4